factors of 476369582?
2, 13, 18321907
List the prime factors of 41728621.
11, 47, 80713
What are the prime factors of 6534169040?
2, 5, 7, 11668159
What are the prime factors of 2601881102?
2, 29, 577, 77747
List the prime factors of 1909530973.
7, 2011, 135649
What are the prime factors of 82088557?
1237, 66361
List the prime factors of 2802737748.
2, 3, 317, 736787
List the prime factors of 1786688.
2, 27917
What are the prime factors of 2128254766?
2, 11, 96738853
List the prime factors of 1835137528.
2, 7, 32770313
What are the prime factors of 316048514?
2, 67, 2358571
List the prime factors of 331170441.
3, 7, 103, 153107
List the prime factors of 3008387075.
5, 223, 539621
List the prime factors of 14775744.
2, 3, 41, 1877
What are the prime factors of 80157780?
2, 3, 5, 445321
What are the prime factors of 12916430?
2, 5, 17, 75979
What are the prime factors of 271637690?
2, 5, 107, 253867
List the prime factors of 110748071.
7, 29, 317, 1721
What are the prime factors of 104409187?
1973, 52919
List the prime factors of 37317933.
3, 331, 12527
What are the prime factors of 102245748?
2, 3, 11, 774589
List the prime factors of 24596397.
3, 7, 390419
What are the prime factors of 81437391?
3, 7, 1292657
What are the prime factors of 42364181?
42364181
What are the prime factors of 292067128?
2, 36508391
List the prime factors of 12556914.
2, 3, 17, 307, 401
What are the prime factors of 489566358?
2, 3, 61, 445871
What are the prime factors of 85737960?
2, 3, 5, 7, 11, 1031
What are the prime factors of 38827203?
3, 19, 681179
What are the prime factors of 4124315418?
2, 3, 3089, 222527
List the prime factors of 52097699.
52097699
List the prime factors of 3687796845.
3, 5, 37, 73, 30341
What are the prime factors of 1937577329?
17, 283, 402739
List the prime factors of 1082403697.
43, 97, 259507
What are the prime factors of 2275759333?
19, 37, 3237211
What are the prime factors of 12362800?
2, 5, 31, 997
What are the prime factors of 209061324?
2, 3, 271, 2381
What are the prime factors of 43955798?
2, 151, 145549
List the prime factors of 1375928103.
3, 11, 23, 1812817
List the prime factors of 480263496.
2, 3, 73, 274123
List the prime factors of 6336341684.
2, 1584085421
List the prime factors of 1338036814.
2, 179, 313, 11941
List the prime factors of 3158870453.
17, 185815909
What are the prime factors of 165412356?
2, 3, 607, 22709
What are the prime factors of 140803949?
11, 13, 89513
What are the prime factors of 204302145?
3, 5, 71, 191833
List the prime factors of 42741232.
2, 2671327
What are the prime factors of 34798139?
19, 1831481
What are the prime factors of 454900609?
97, 4689697
List the prime factors of 289606656.
2, 3, 94273
What are the prime factors of 863217753?
3, 79, 3642269
List the prime factors of 3710461.
3710461
What are the prime factors of 76376104?
2, 7, 17, 73, 157
List the prime factors of 324869767.
4951, 65617
What are the prime factors of 2004893821?
7, 8527, 33589
What are the prime factors of 256900784?
2, 7, 2293757
What are the prime factors of 81880694?
2, 7, 223, 26227
What are the prime factors of 254616872?
2, 19, 1675111
What are the prime factors of 202134842?
2, 7, 13, 89, 12479
What are the prime factors of 35612347?
599, 59453
What are the prime factors of 5110338967?
83, 61570349
What are the prime factors of 1299841616?
2, 81240101
What are the prime factors of 95787911?
17, 19, 296557
What are the prime factors of 182425546?
2, 139, 197, 3331
List the prime factors of 48333794.
2, 24166897
What are the prime factors of 413739103?
413739103
List the prime factors of 475205205.
3, 5, 67, 227, 2083
What are the prime factors of 6391932?
2, 3, 17, 31333
List the prime factors of 653892420.
2, 3, 5, 17, 643, 997
What are the prime factors of 1903504876?
2, 7, 13, 5229409
List the prime factors of 608594765.
5, 121718953
List the prime factors of 365968910.
2, 5, 36596891
List the prime factors of 90317818.
2, 31, 1456739
List the prime factors of 1534473897.
3, 11, 29, 1603421
What are the prime factors of 37241421?
3, 7, 253343
List the prime factors of 69851038.
2, 34925519
List the prime factors of 2453702226.
2, 3, 139, 2942089
What are the prime factors of 637887199?
637887199
What are the prime factors of 2493528768?
2, 3, 4329043
List the prime factors of 2241888.
2, 3, 11, 193
What are the prime factors of 3618611991?
3, 402067999
What are the prime factors of 459619698?
2, 3, 37, 157, 13187
What are the prime factors of 444000901?
23, 59, 327193
What are the prime factors of 156704976?
2, 3, 362743
List the prime factors of 428268935.
5, 47, 1163, 1567
What are the prime factors of 492263261?
7, 41, 245029
What are the prime factors of 557076201?
3, 11, 16881097
What are the prime factors of 913912026?
2, 3, 67, 109, 20857
List the prime factors of 192480124.
2, 48120031
List the prime factors of 4977939311.
1709, 2912779
What are the prime factors of 1680857105?
5, 53, 6342857
What are the prime factors of 2600940053?
2600940053
What are the prime factors of 40979036?
2, 7, 1463537
List the prime factors of 52414134.
2, 3, 239, 36551
What are the prime factors of 1272136817?
7, 181733831
List the prime factors of 378497684.
2, 1117, 84713
What are the prime factors of 3168112922?
2, 13, 121850497
List the prime factors of 159289711.
7, 17, 19, 70451
List the prime factors of 132710552.
2, 13, 23, 109, 509
What are the prime factors of 72347124?
2, 3, 41, 147047
List the prime factors of 59667577.
61, 978157
What are the prime factors of 346603962?
2, 3, 57767327
List the prime factors of 3982942116.
2, 3, 110637281
What are the prime factors of 293747828?
2, 11, 17, 19, 1879
List the prime factors of 63980255.
5, 449, 28499
List the prime factors of 100259624.
2, 401, 31253
List the prime factors of 196044810.
2, 3, 5, 13, 151, 3329
What are the prime factors of 2268063481?
37, 4877, 12569
What are the prime factors of 4096798344?
2, 3, 2897, 6547
What are the prime factors of 96987569?
7, 1223, 11329
What are the prime factors of 606099870?
2, 3, 5, 6734443
List the prime factors of 330895060.
2, 5, 139, 119027
List the prime factors of 487659366.
2, 3, 67, 179, 251
What are the prime factors of 55405955?
5, 11, 1007381
List the prime factors of 172034246.
2, 19, 4527217
What are the prime factors of 344774941?
7, 49253563
What are the prime factors of 125170563?
3, 7, 5960503
What are the prime factors of 126517342?
2, 7, 23, 392911
List the prime factors of 670475683.
670475683
List the prime factors of 869203746.
2, 3, 48289097
What are the prime factors of 2035632687?
3, 11, 23, 2681993
What are the prime factors of 149507030?
2, 5, 311, 48073
What are the prime factors of 625402944?
2, 3, 120641
List the prime factors of 39682139.
7, 31, 182867
List the prime factors of 587926681.
59, 9964859
What are the prime factors of 1240459649?
11, 13, 8674543
List the prime factors of 3591129170.
2, 5, 61, 5887097
What are the prime factors of 101331286?
2, 7, 7237949
What are the prime factors of 155028155?
5, 31005631
List the prime factors of 1376758414.
2, 688379207
List the prime factors of 27915748.
2, 7, 29, 31, 1109
What are the prime factors of 46225525?
5, 1849021
List the prime factors of 102905288.
2, 37, 199, 1747
List the prime factors of 49012156.
2, 17, 720767
What are the prime factors of 754364?
2, 13, 89, 163
What are the prime factors of 78620248?
2, 7, 1403933
What are the prime factors of 298819090?
2, 5, 83, 360023
List the prime factors of 1324889279.
7, 2833, 66809
What are the prime factors of 177192758?
2, 4967, 17837
What are the prime factors of 6240399?
3, 11, 127, 1489
List the prime factors of 56932679.
137, 415567
What are the prime factors of 16730953?
101, 165653
List the prime factors of 406385750.
2, 5, 1625543
What are the prime factors of 637305462?
2, 3, 1801, 6553
List the prime factors of 830532648.
2, 3, 11, 239, 13163
List the prime factors of 1048429690.
2, 5, 7, 11, 19, 71663
What are the prime factors of 673693370?
2, 5, 7, 9624191
List the prime factors of 141850340.
2, 5, 179, 39623
What are the prime factors of 28154667?
3, 9384889
List the prime factors of 268535369.
268535369
List the prime factors of 8019769656.
2, 3, 33415